ommon factor of 85 and t.
5
Suppose -19*j + 7854 = -1304. Let n = j - 443. Let z = -28 + 41. What is the greatest common divisor of n and z?
13
Suppose 25*g + 841 = 393 + 3073. What is the greatest common factor of g and 2289?
21
Let f(p) = -5*p**2 + 70*p - 195. Let g be f(8). Suppose -101 + 26 = -5*o. Calculate the highest common divisor of o and g.
15
Suppose -3*d + 186 = 3*h, 15*h - 12*h = 4*d + 228. Calculate the greatest common factor of 340 and h.
68
Let u be (6 - (10 - 3))*-9469. What is the greatest common divisor of u and 17?
17
Let r be (45760/(-112))/((-6)/21). What is the highest common factor of 1170 and r?
130
Suppose -14*x + 11*x + p + 98 = 0, 6*x - 161 = -5*p. Let t be 1612/6*6/4. Calculate the highest common factor of x and t.
31
Suppose -10*x - 5 = 5. Let m be 3/x*(-1 + 28/(-21)). Suppose -8*q = -m*q - 165. Calculate the greatest common factor of q and 15.
15
Let t(c) = -26*c + 46. Let v be t(-13). Calculate the highest common factor of 78 and v.
6
Let y be (-10)/(-75) + 0 - 37873/(-15). Calculate the highest common factor of 303 and y.
101
Let q(c) = -c**3 - 5*c**2 - 8*c - 8. Suppose -r = -11*r - 50. Let j be q(r). What is the highest common factor of j and 32?
32
Suppose 0 = 3*z, 4*p - 492 = -0*p + 5*z. Suppose -6*w + 555 = p. Calculate the greatest common factor of 9 and w.
9
Suppose 2871 = 6*a - 6489. What is the greatest common factor of a and 975?
195
Let t be (-12)/16 - (-223197)/156. Calculate the highest common divisor of t and 88.
22
Let u(l) = -2*l**3 - 19*l**2 - 60*l - 1438. Let w be u(-12). Suppose 5*k - 156 = 59. Let n = k + -29. What is the greatest common factor of n and w?
2
Suppose 11 = 3322*i - 3323*i. Let p(f) = 3*f**2 + 2*f + 54. Let o be p(i). What is the greatest common factor of 158 and o?
79
Suppose 13*p = 30028 + 561. Calculate the greatest common divisor of 65 and p.
13
Suppose 0 + 8 = -4*s - 3*z, 3*s - 2*z = -23. Let c be ((-180)/(-8))/s*-12. Let g be c/(-12)*1*-4. What is the greatest common divisor of g and 18?
18
Let q(t) = 2*t**2 + 14*t - 88. Let s be q(-15). Let g = -148 + s. What is the highest common factor of g and 64?
4
Suppose -1500 = -383*t + 380*t. Let d be 6/(-4) - t/(-8). What is the greatest common divisor of 183 and d?
61
Let m be (475/19)/(8/104). What is the greatest common factor of m and 637?
13
Let b = 190 - -90. Let u(n) = n**2 + 285*n + 17916. Let x be u(-193). Calculate the greatest common factor of x and b.
40
Let h(y) = -46*y + 3. Let w be h(-4). Let l = -4014 + 4036. What is the highest common divisor of l and w?
11
Let j be 101 - (945/(-15))/7. What is the highest common divisor of j and 506?
22
Let u(d) = -69*d - 249. Let l be u(-9). Let m(n) = -n + 21. Let z be m(9). What is the greatest common divisor of z and l?
12
Suppose 4*u - 128 + 44 = 0. Let i = -459493 - -460354. What is the highest common divisor of u and i?
21
Let t(l) = l**3 - 20*l**2 - 21*l - 376. Let v be t(23). Calculate the greatest common divisor of v and 2366.
182
Let u = -158 + 162. Suppose -b - 4 = 4*m, -b - 2*m + 0*m = -u. What is the highest common divisor of b and 8?
4
Let r(j) = 4*j**3 - j**2 + j. Let a be r(1). Suppose 1021 = 6*v - 791. Suppose 6 = 11*s - v. What is the highest common divisor of a and s?
4
Let o be -2 + (-4)/6*-39. Suppose -5*k - 805 = l - 814, 5*l - k = 123. What is the greatest common factor of l and o?
24
Let g be (-4)/3 + 41882/258. What is the greatest common divisor of g and 69?
23
Suppose 4*g + 5*x = 17540 + 16002, 0 = 5*g + x - 41896. Calculate the highest common divisor of 142 and g.
142
Let h be (-30)/12*(-72)/9. Suppose 3*c = i - 6*i + h, -3*c + 3*i = -60. Calculate the greatest common divisor of 35 and c.
5
Let v be 3/2 + 11/2. Suppose v*b = 11*b + 44. Let w(o) = -o + 11. Let a be w(b). What is the greatest common divisor of a and 110?
22
Let c(f) = -97*f - 556. Let z be c(-7). What is the greatest common factor of 4141 and z?
41
Let i = 3590 + -3575. Let y(d) = d**2 + 6*d - 11. Let t be y(-8). Let r = 125 - t. Calculate the highest common factor of i and r.
15
Suppose 0 = 322*o - 198*o - 744. Calculate the greatest common divisor of o and 69.
3
Let l(a) = a**3 + 13*a**2 - 16*a - 28. Let s be l(-14). Suppose 0*f + f - 4*k - 1 = 0, s = 2*f + 5*k - 41. Calculate the highest common factor of f and 104.
13
Let v = -3953 - -4013. Let z = 200 + -68. Calculate the highest common divisor of v and z.
12
Suppose -5*x + 522*n + 1895 = 517*n, -x - n = -385. Calculate the greatest common factor of x and 26549.
191
Let o = 154 - 152. Suppose 3*y = b + 46 + 526, o*b = -4*y + 746. Let w be (9 + -2)/((-2)/(-6)). Calculate the highest common factor of w and y.
21
Let b be ((-1)/(-4)*-6*380/(-30))/1. What is the highest common factor of b and 4?
1
Suppose 5*d + 0*d - 20 = -5*h, 5*d - 28 = 3*h. Suppose d*j - 2 = 4*j. Calculate the greatest common divisor of j and 14.
2
Let d = 208 - 199. Suppose -8*n + 87 = -d. Calculate the highest common divisor of 42 and n.
6
Let t(a) = a**2 + 10*a + 22. Let s be t(-9). Suppose 0 = -s*c - 2730 + 6435. Calculate the highest common divisor of c and 57.
57
Let x(n) = -n**3 + 1. Let z(b) = 17*b**3 - 2*b**2 + 2. Let h(d) = 5*x(d) - z(d). Let c be h(-2). What is the greatest common divisor of c and 34?
17
Let m be (1 + -3)/(2/3). Let w be m/2*60/(1 - 3). Suppose 10*z + 27 = 13*z. What is the highest common divisor of w and z?
9
Let d be (-4)/10 - (-694)/10. Let a = -72 - -74. Let z be (-10 - -6) + (-4 + 56 - a). What is the greatest common factor of z and d?
23
Let s be 2/(-4) - 7080/(-16). Suppose 0 = -2*j + 4*c + 34, -5*j - 3*c = 32 - 91. What is the highest common factor of s and j?
13
Let u be 681/27 + (-138)/621. Calculate the greatest common factor of 25 and u.
25
Let i(y) = y**3 - 4*y**2 - 55*y + 10. Let s be i(10). Suppose -v - 2*h + 24 = 0, -h + 12 = 5*v - 108. Calculate the highest common divisor of v and s.
12
Let w(x) = 11*x**2 - 57*x + 25. Let g be w(11). Suppose 23*s + g = 28*s - i, 278 = 2*s + 3*i. Calculate the greatest common divisor of 174 and s.
29
Let p(k) = -k**2 + 20*k - 24. Let c be p(19). Let g be 7/35 + (-59)/c. What is the highest common divisor of g and 21?
3
Suppose 6*z = 256 + 764. Suppose 8*r + 26 = z. Calculate the greatest common factor of 18 and r.
18
Let s be (-13 - -20)/((-2)/(-374)). What is the greatest common factor of s and 154?
77
Let z = -2885 - -1730. Let d be (z/10)/((-3)/4). Let q = -50 - -72. Calculate the highest common divisor of d and q.
22
Let d = -8226 - -10327. What is the greatest common factor of d and 11?
11
Let i = 3851 + -3821. Suppose 0 = p - 0 - 40. Calculate the highest common divisor of p and i.
10
Suppose 8*j - 217 + 57 = 0. Suppose 0 = -r - o + 26, 135 - 40 = 4*r - 5*o. Suppose 0 = 2*d - r - 15. Calculate the greatest common factor of j and d.
20
Suppose v = 2*v - 6. Suppose -2*g + 49 = -23. Let f = -24 + g. Calculate the highest common divisor of f and v.
6
Let f be 2080*((-1)/(-10)*4 - (-27)/45). Calculate the greatest common factor of 5 and f.
5
Suppose -5*p = -266 + 301, 380 = m - 5*p. Calculate the highest common divisor of m and 165.
15
Let t(v) = v**3 - 12*v**2 - v + 54. Let k be t(12). Let i be ((-12)/k)/((-2)/28). What is the highest common factor of i and 42?
2
Let m = -2835 - -3836. What is the highest common divisor of 715 and m?
143
Suppose 0 = -3*r - x + 539, 46*x + 901 = 5*r + 45*x. What is the highest common divisor of r and 2115?
45
Suppose 18 = 14*y - 38. Let v be (-8)/(-14) - 2644/(-28). Suppose -2*n + 2*x = -54, x = 5*n + y*x - v. Calculate the greatest common factor of n and 22.
22
Let m(r) = -10 - 9*r - 9*r - 2*r + 29*r. Let c be m(6). Calculate the greatest common divisor of c and 2.
2
Suppose 0*p = -3*c + 4*p - 6, 3*c = -5*p + 21. Let k(g) = 15 + 6*g - 7*g**2 - c*g - 4 + 8*g**2. Let m be k(-9). Calculate the highest common factor of m and 7.
7
Let z(m) = -m + 2 + 5*m + m - 13*m**2 - 7*m. Let w be z(2). Let u be 411/27 + -3*(-4)/w. What is the highest common divisor of 45 and u?
15
Let z be (-27)/3 + 1 - -1155. Calculate the greatest common divisor of 148 and z.
37
Suppose 0 = 338*v - 333*v + 3855. Let q = v - -785. Calculate the highest common divisor of q and 49.
7
Suppose -12 = -64*a + 58*a. Suppose 3*c = -2*c + a*f + 650, 0 = 3*f. Let l(q) = -9*q - 1. Let m be l(-